{"id":2821,"date":"2025-07-24T07:10:59","date_gmt":"2025-07-24T07:10:59","guid":{"rendered":"https:\/\/luciaprajisteanu.ro\/?page_id=2821"},"modified":"2025-08-08T12:12:41","modified_gmt":"2025-08-08T12:12:41","slug":"targul-de-paste","status":"publish","type":"page","link":"https:\/\/luciaprajisteanu.ro\/?page_id=2821","title":{"rendered":"Targul de Paste"},"content":{"rendered":"\t\t<div data-elementor-type=\"wp-page\" data-elementor-id=\"2821\" class=\"elementor elementor-2821\" data-elementor-post-type=\"page\">\n\t\t\t\t<div class=\"elementor-element elementor-element-73a5d8f e-flex e-con-boxed e-con e-parent\" data-id=\"73a5d8f\" data-element_type=\"container\">\n\t\t\t\t\t<div class=\"e-con-inner\">\n\t\t<div class=\"elementor-element elementor-element-89a4489 e-con-full e-flex e-con e-child\" data-id=\"89a4489\" data-element_type=\"container\" data-settings=\"{&quot;background_background&quot;:&quot;classic&quot;}\">\n\t\t\t\t<div class=\"elementor-element elementor-element-78a10f0 elementor-widget elementor-widget-image\" data-id=\"78a10f0\" data-element_type=\"widget\" data-widget_type=\"image.default\">\n\t\t\t\t<div class=\"elementor-widget-container\">\n\t\t\t\t\t\t\t\t\t\t\t\t\t\t\t<img fetchpriority=\"high\" decoding=\"async\" width=\"800\" height=\"600\" src=\"https:\/\/luciaprajisteanu.ro\/wp-content\/uploads\/2025\/07\/6-1.png\" class=\"attachment-large size-large wp-image-2885\" alt=\"Carte decorativ\u0103 uria\u0219\u0103 cu povestea Alb\u0103-ca-Z\u0103pada \u0219i cei \u0219apte pitici, element tematic de la intrarea unei atrac\u021bii din Miramagica Park\" srcset=\"https:\/\/luciaprajisteanu.ro\/wp-content\/uploads\/2025\/07\/6-1.png 800w, https:\/\/luciaprajisteanu.ro\/wp-content\/uploads\/2025\/07\/6-1-300x225.png 300w, https:\/\/luciaprajisteanu.ro\/wp-content\/uploads\/2025\/07\/6-1-768x576.png 768w\" sizes=\"(max-width: 800px) 100vw, 800px\" \/>\t\t\t\t\t\t\t\t\t\t\t\t\t\t\t<\/div>\n\t\t\t\t<\/div>\n\t\t\t\t<\/div>\n\t\t<div class=\"elementor-element elementor-element-a12e9aa e-con-full e-flex e-con e-child\" data-id=\"a12e9aa\" data-element_type=\"container\">\n\t\t\t\t<div class=\"elementor-element elementor-element-76433f5 elementor-widget elementor-widget-heading\" data-id=\"76433f5\" data-element_type=\"widget\" data-widget_type=\"heading.default\">\n\t\t\t\t<div class=\"elementor-widget-container\">\n\t\t\t\t\t<h2 class=\"elementor-heading-title elementor-size-default\">Miramagica la T\u00e2rgul de Pa\u0219te Craiova 2024<\/h2>\t\t\t\t<\/div>\n\t\t\t\t<\/div>\n\t\t\t\t<div class=\"elementor-element elementor-element-42c11f2 elementor-widget elementor-widget-text-editor\" data-id=\"42c11f2\" data-element_type=\"widget\" data-widget_type=\"text-editor.default\">\n\t\t\t\t<div class=\"elementor-widget-container\">\n\t\t\t\t\t\t\t\t\t<section><p><strong>Loca\u021bie:<\/strong> Parcul Nicolae Romanescu, Craiova<br \/><strong>Perioad\u0103:<\/strong> 19 aprilie \u2013 12 mai 2024<\/p><p>\u00cen prim\u0103vara anului 2024, <strong>Miramagica<\/strong> a adus bucuria jocului \u0219i atmosfera magic\u0103 \u00een mijlocul celui mai emblematic parc din Craiova \u2013 Parcul Nicolae Romanescu.<\/p><p>Am fost onora\u021bi s\u0103 fim parte din <strong>T\u00e2rgul de Pa\u0219te Craiova<\/strong>, un eveniment tematic organizat de <strong>Prim\u0103ria Municipiului Craiova<\/strong>, unde \u00eentreaga amenajare a gravitat \u00een jurul universului \u201e<em>Alb\u0103 ca Z\u0103pada \u0219i cei \u0219apte pitici<\/em>\u201d.<\/p><p>Decorurile spectaculoase, florile de prim\u0103var\u0103 \u0219i elementele de butaforie au creat cadrul ideal pentru o experien\u021b\u0103 complet\u0103 de familie \u2013 \u00een care M<strong>iramagica<\/strong> a completat povestea cu atrac\u021bii iubite de to\u021bi copiii.<\/p><\/section>\t\t\t\t\t\t\t\t<\/div>\n\t\t\t\t<\/div>\n\t\t\t\t<\/div>\n\t\t\t\t\t<\/div>\n\t\t\t\t<\/div>\n\t\t<div class=\"elementor-element elementor-element-db9f83f e-flex e-con-boxed e-con e-parent\" data-id=\"db9f83f\" data-element_type=\"container\">\n\t\t\t\t\t<div class=\"e-con-inner\">\n\t\t<div class=\"elementor-element elementor-element-bd6a476 e-con-full e-flex e-con e-child\" data-id=\"bd6a476\" data-element_type=\"container\">\n\t\t\t\t<div class=\"elementor-element elementor-element-702e3c2 elementor-widget elementor-widget-heading\" data-id=\"702e3c2\" data-element_type=\"widget\" data-widget_type=\"heading.default\">\n\t\t\t\t<div class=\"elementor-widget-container\">\n\t\t\t\t\t<h2 class=\"elementor-heading-title elementor-size-default\">Atrac\u021biile Miramagica prezente la t\u00e2rg<\/h2>\t\t\t\t<\/div>\n\t\t\t\t<\/div>\n\t\t<div class=\"elementor-element elementor-element-c4915c1 e-con-full e-flex e-con e-child\" data-id=\"c4915c1\" data-element_type=\"container\">\n\t\t\t\t<div class=\"elementor-element elementor-element-480b8ff elementor-widget__width-inherit elementor-widget elementor-widget-text-editor\" data-id=\"480b8ff\" data-element_type=\"widget\" data-widget_type=\"text-editor.default\">\n\t\t\t\t<div class=\"elementor-widget-container\">\n\t\t\t\t\t\t\t\t\t<section>\n  <ul>\n    <li><strong>Roata gigant<\/strong> \u2013 punctul central al distrac\u021biei, oferind panorame spectaculoase ale parcului \u00eenverzit<\/li>\n    <li><strong>Roller coaster pentru copii<\/strong> \u2013 o aventur\u0103 cu adrenalin\u0103 controlat\u0103, ideal\u0103 pentru micii curajo\u0219i<\/li>\n    <li><strong>Trambuline elastice<\/strong> \u2013 locul perfect pentru s\u0103rituri, energie \u0219i voie bun\u0103<\/li>\n    <li><strong>Banca plutitoare<\/strong> \u2013 o experien\u021b\u0103 amuzant\u0103 \u0219i relaxant\u0103 de balans \u00een siguran\u021b\u0103<\/li>\n  <\/ul>\n<\/section>\n<br>\n\u00centr-un decor \u00eenflorit, cu zeci de mii de narcise, lalele \u0219i zambile, echipamentele noastre au fost puncte de atrac\u021bie constant pentru familii, cre\u00e2nd momente memorabile de conectare \u0219i joac\u0103.\n\t\t\t\t\t\t\t\t<\/div>\n\t\t\t\t<\/div>\n\t\t\t\t<\/div>\n\t\t\t\t<\/div>\n\t\t<div class=\"elementor-element elementor-element-5c12aa5 e-con-full e-flex e-con e-child\" data-id=\"5c12aa5\" data-element_type=\"container\" data-settings=\"{&quot;background_background&quot;:&quot;classic&quot;}\">\n\t\t\t\t<div class=\"elementor-element elementor-element-c3994f4 elementor-widget elementor-widget-image\" data-id=\"c3994f4\" data-element_type=\"widget\" data-widget_type=\"image.default\">\n\t\t\t\t<div class=\"elementor-widget-container\">\n\t\t\t\t\t\t\t\t\t\t\t\t\t\t\t<img decoding=\"async\" width=\"800\" height=\"600\" src=\"https:\/\/luciaprajisteanu.ro\/wp-content\/uploads\/2025\/07\/8-1.png\" class=\"attachment-large size-large wp-image-2887\" alt=\"\" srcset=\"https:\/\/luciaprajisteanu.ro\/wp-content\/uploads\/2025\/07\/8-1.png 800w, https:\/\/luciaprajisteanu.ro\/wp-content\/uploads\/2025\/07\/8-1-300x225.png 300w, https:\/\/luciaprajisteanu.ro\/wp-content\/uploads\/2025\/07\/8-1-768x576.png 768w\" sizes=\"(max-width: 800px) 100vw, 800px\" \/>\t\t\t\t\t\t\t\t\t\t\t\t\t\t\t<\/div>\n\t\t\t\t<\/div>\n\t\t\t\t<\/div>\n\t\t\t\t\t<\/div>\n\t\t\t\t<\/div>\n\t\t<div class=\"elementor-element elementor-element-7cff59e e-flex e-con-boxed e-con e-parent\" data-id=\"7cff59e\" data-element_type=\"container\">\n\t\t\t\t\t<div class=\"e-con-inner\">\n\t\t\t\t<div class=\"elementor-element elementor-element-503843c elementor-widget elementor-widget-heading\" data-id=\"503843c\" data-element_type=\"widget\" data-widget_type=\"heading.default\">\n\t\t\t\t<div class=\"elementor-widget-container\">\n\t\t\t\t\t<h2 class=\"elementor-heading-title elementor-size-default\"> Ce a \u00eensemnat aceast\u0103 prezen\u021b\u0103:\n<\/h2>\t\t\t\t<\/div>\n\t\t\t\t<\/div>\n\t\t\t\t<div class=\"elementor-element elementor-element-9a15536 elementor-widget__width-initial elementor-widget elementor-widget-text-editor\" data-id=\"9a15536\" data-element_type=\"widget\" data-widget_type=\"text-editor.default\">\n\t\t\t\t<div class=\"elementor-widget-container\">\n\t\t\t\t\t\t\t\t\t<p><span style=\"font-weight: 400;\">Participarea miramagica la T\u00e2rgul de Pa\u0219te Craiova 2024 a reconfirmat viziunea noastr\u0103: de a transforma spa\u021biile publice \u00een t\u0103r\u00e2muri de poveste, unde copiii se pot bucura de distrac\u021bie \u00eentr-un mediu sigur, controlat \u0219i estetic.<\/span><\/p><p><span style=\"font-weight: 400;\">Aceast\u0103 colaborare local\u0103 marcheaz\u0103 \u00eenc\u0103 un pas \u00een direc\u021bia extinderii re\u021belei miramagica \u00een \u00eentreaga \u021bar\u0103 \u2013 cu fiecare proiect, ducem mai departe magia copil\u0103riei.<\/span><\/p>\t\t\t\t\t\t\t\t<\/div>\n\t\t\t\t<\/div>\n\t\t\t\t<div class=\"elementor-element elementor-element-f582227 elementor-widget elementor-widget-gallery\" data-id=\"f582227\" data-element_type=\"widget\" data-settings=\"{&quot;lazyload&quot;:&quot;yes&quot;,&quot;gallery_layout&quot;:&quot;grid&quot;,&quot;columns&quot;:4,&quot;columns_tablet&quot;:2,&quot;columns_mobile&quot;:1,&quot;gap&quot;:{&quot;unit&quot;:&quot;px&quot;,&quot;size&quot;:10,&quot;sizes&quot;:[]},&quot;gap_tablet&quot;:{&quot;unit&quot;:&quot;px&quot;,&quot;size&quot;:10,&quot;sizes&quot;:[]},&quot;gap_mobile&quot;:{&quot;unit&quot;:&quot;px&quot;,&quot;size&quot;:10,&quot;sizes&quot;:[]},&quot;aspect_ratio&quot;:&quot;3:2&quot;,&quot;content_hover_animation&quot;:&quot;fade-in&quot;}\" data-widget_type=\"gallery.default\">\n\t\t\t\t<div class=\"elementor-widget-container\">\n\t\t\t\t\t\t\t<div class=\"elementor-gallery__container\">\n\t\t\t\t\t\t\t<div class=\"e-gallery-item elementor-gallery-item elementor-animated-content\">\n\t\t\t\t\t<div class=\"e-gallery-image elementor-gallery-item__image\" data-thumbnail=\"https:\/\/luciaprajisteanu.ro\/wp-content\/uploads\/2025\/07\/10-1-768x576.png\" data-width=\"768\" data-height=\"576\" aria-label=\"Atrac\u021bia Crazy Dance luminat\u0103 \u0219i plin\u0103 de culoare la Miramagica Park, experien\u021b\u0103 de adrenalin\u0103 \u0219i distrac\u021bie pentru vizitatori\" role=\"img\" ><\/div>\n\t\t\t\t\t\t\t\t\t\t\t\t\t\t<\/div>\n\t\t\t\t\t\t\t<div class=\"e-gallery-item elementor-gallery-item elementor-animated-content\">\n\t\t\t\t\t<div class=\"e-gallery-image elementor-gallery-item__image\" data-thumbnail=\"https:\/\/luciaprajisteanu.ro\/wp-content\/uploads\/2025\/07\/7-1-768x576.png\" data-width=\"768\" data-height=\"576\" aria-label=\"Intrarea \u00een roller coaster-ul Omid\u0103 de la Miramagica Park, decorat\u0103 cu floare uria\u0219\u0103 \u0219i traseu cu \u0219ine albastre pentru copii \u0219i familie\" role=\"img\" ><\/div>\n\t\t\t\t\t\t\t\t\t\t\t\t\t\t<\/div>\n\t\t\t\t\t\t\t<div class=\"e-gallery-item elementor-gallery-item elementor-animated-content\">\n\t\t\t\t\t<div class=\"e-gallery-image elementor-gallery-item__image\" data-thumbnail=\"https:\/\/luciaprajisteanu.ro\/wp-content\/uploads\/2025\/07\/8-2-768x576.png\" data-width=\"768\" data-height=\"576\" aria-label=\"Vizitatoare f\u0103c\u00e2nd poze la panoul foto cu oglinzi \u0219i trandafiri ro\u0219ii de la Miramagica Park, zon\u0103 special\u0103 pentru amintiri \u0219i fotografii\" role=\"img\" ><\/div>\n\t\t\t\t\t\t\t\t\t\t\t\t\t\t<\/div>\n\t\t\t\t\t\t\t<div class=\"e-gallery-item elementor-gallery-item elementor-animated-content\">\n\t\t\t\t\t<div class=\"e-gallery-image elementor-gallery-item__image\" data-thumbnail=\"https:\/\/luciaprajisteanu.ro\/wp-content\/uploads\/2025\/07\/9-1-768x576.png\" data-width=\"768\" data-height=\"576\" aria-label=\"Vizitatori la Miramagica Park privind roller coaster-ul pentru copii \u00een form\u0103 de omid\u0103 verde, atrac\u021bie popular\u0103 de familie \u00een Her\u0103str\u0103u\" role=\"img\" ><\/div>\n\t\t\t\t\t\t\t\t\t\t\t\t\t\t<\/div>\n\t\t\t\t\t<\/div>\n\t\t\t\t\t<\/div>\n\t\t\t\t<\/div>\n\t\t\t\t\t<\/div>\n\t\t\t\t<\/div>\n\t\t\t\t<\/div>\n\t\t","protected":false},"excerpt":{"rendered":"<p>Miramagica la T\u00e2rgul de Pa\u0219te Craiova 2024 Loca\u021bie: Parcul Nicolae Romanescu, CraiovaPerioad\u0103: 19 aprilie \u2013 12 mai 2024 \u00cen prim\u0103vara anului 2024, Miramagica a adus bucuria jocului \u0219i atmosfera magic\u0103 \u00een mijlocul celui mai emblematic parc din Craiova \u2013 Parcul Nicolae Romanescu. Am fost onora\u021bi s\u0103 fim parte din T\u00e2rgul de Pa\u0219te Craiova, un eveniment [&hellip;]<\/p>\n","protected":false},"author":1,"featured_media":0,"parent":0,"menu_order":0,"comment_status":"closed","ping_status":"closed","template":"","meta":{"footnotes":""},"class_list":["post-2821","page","type-page","status-publish","hentry"],"blocksy_meta":{"has_hero_section":"disabled","vertical_spacing_source":"custom","content_area_spacing":"none","styles_descriptor":{"styles":{"desktop":"","tablet":"","mobile":""},"google_fonts":[],"version":6}},"_links":{"self":[{"href":"https:\/\/luciaprajisteanu.ro\/index.php?rest_route=\/wp\/v2\/pages\/2821","targetHints":{"allow":["GET"]}}],"collection":[{"href":"https:\/\/luciaprajisteanu.ro\/index.php?rest_route=\/wp\/v2\/pages"}],"about":[{"href":"https:\/\/luciaprajisteanu.ro\/index.php?rest_route=\/wp\/v2\/types\/page"}],"author":[{"embeddable":true,"href":"https:\/\/luciaprajisteanu.ro\/index.php?rest_route=\/wp\/v2\/users\/1"}],"replies":[{"embeddable":true,"href":"https:\/\/luciaprajisteanu.ro\/index.php?rest_route=%2Fwp%2Fv2%2Fcomments&post=2821"}],"version-history":[{"count":15,"href":"https:\/\/luciaprajisteanu.ro\/index.php?rest_route=\/wp\/v2\/pages\/2821\/revisions"}],"predecessor-version":[{"id":3279,"href":"https:\/\/luciaprajisteanu.ro\/index.php?rest_route=\/wp\/v2\/pages\/2821\/revisions\/3279"}],"wp:attachment":[{"href":"https:\/\/luciaprajisteanu.ro\/index.php?rest_route=%2Fwp%2Fv2%2Fmedia&parent=2821"}],"curies":[{"name":"wp","href":"https:\/\/api.w.org\/{rel}","templated":true}]}}