{"id":1835,"date":"2025-03-21T15:59:01","date_gmt":"2025-03-21T15:59:01","guid":{"rendered":"https:\/\/lucia.platinumkey.ro\/?page_id=1835"},"modified":"2025-08-08T12:12:21","modified_gmt":"2025-08-08T12:12:21","slug":"beach-please-festival","status":"publish","type":"page","link":"https:\/\/luciaprajisteanu.ro\/?page_id=1835","title":{"rendered":"Beach Please Festival"},"content":{"rendered":"\t\t<div data-elementor-type=\"wp-page\" data-elementor-id=\"1835\" class=\"elementor elementor-1835\" data-elementor-post-type=\"page\">\n\t\t\t\t<div class=\"elementor-element elementor-element-05d5f64 e-flex e-con-boxed e-con e-parent\" data-id=\"05d5f64\" data-element_type=\"container\">\n\t\t\t\t\t<div class=\"e-con-inner\">\n\t\t<div class=\"elementor-element elementor-element-3d05ddc e-con-full e-flex e-con e-child\" data-id=\"3d05ddc\" data-element_type=\"container\" data-settings=\"{&quot;background_background&quot;:&quot;classic&quot;}\">\n\t\t\t\t<div class=\"elementor-element elementor-element-14fa9a9 elementor-widget elementor-widget-image\" data-id=\"14fa9a9\" data-element_type=\"widget\" data-widget_type=\"image.default\">\n\t\t\t\t<div class=\"elementor-widget-container\">\n\t\t\t\t\t\t\t\t\t\t\t\t\t\t\t<img fetchpriority=\"high\" decoding=\"async\" width=\"820\" height=\"1024\" src=\"https:\/\/luciaprajisteanu.ro\/wp-content\/uploads\/2025\/03\/470214587_17994937361745601_8141580701405319478_n-820x1024.jpg\" class=\"attachment-large size-large wp-image-1837\" alt=\"\" srcset=\"https:\/\/luciaprajisteanu.ro\/wp-content\/uploads\/2025\/03\/470214587_17994937361745601_8141580701405319478_n-820x1024.jpg 820w, https:\/\/luciaprajisteanu.ro\/wp-content\/uploads\/2025\/03\/470214587_17994937361745601_8141580701405319478_n-240x300.jpg 240w, https:\/\/luciaprajisteanu.ro\/wp-content\/uploads\/2025\/03\/470214587_17994937361745601_8141580701405319478_n-768x959.jpg 768w, https:\/\/luciaprajisteanu.ro\/wp-content\/uploads\/2025\/03\/470214587_17994937361745601_8141580701405319478_n-1229x1536.jpg 1229w, https:\/\/luciaprajisteanu.ro\/wp-content\/uploads\/2025\/03\/470214587_17994937361745601_8141580701405319478_n.jpg 1440w\" sizes=\"(max-width: 820px) 100vw, 820px\" \/>\t\t\t\t\t\t\t\t\t\t\t\t\t\t\t<\/div>\n\t\t\t\t<\/div>\n\t\t\t\t<\/div>\n\t\t<div class=\"elementor-element elementor-element-37c51f6 e-con-full e-flex e-con e-child\" data-id=\"37c51f6\" data-element_type=\"container\">\n\t\t\t\t<div class=\"elementor-element elementor-element-0870c5c elementor-widget elementor-widget-heading\" data-id=\"0870c5c\" data-element_type=\"widget\" data-widget_type=\"heading.default\">\n\t\t\t\t<div class=\"elementor-widget-container\">\n\t\t\t\t\t<h2 class=\"elementor-heading-title elementor-size-default\">Cea Mai Mare Roat\u0103 Panoramic\u0103 Din Rom\u00e2nia, Atrac\u021bia-Simbol De La Beach, Please<\/h2>\t\t\t\t<\/div>\n\t\t\t\t<\/div>\n\t\t\t\t<div class=\"elementor-element elementor-element-793e645 elementor-widget elementor-widget-text-editor\" data-id=\"793e645\" data-element_type=\"widget\" data-widget_type=\"text-editor.default\">\n\t\t\t\t<div class=\"elementor-widget-container\">\n\t\t\t\t\t\t\t\t\t<p class=\"\" data-start=\"229\" data-end=\"448\">Un milion de lumini. Mii de priviri. Un moment de neuitat. Am adus roata panoramic\u0103 la Beach, Please! din dorin\u021ba de a crea nu doar o atrac\u021bie spectaculoas\u0103, ci un simbol vizual care s\u0103 adune oameni, emo\u021bii \u0219i uimire.<\/p><p class=\"\" data-start=\"450\" data-end=\"648\">Este una dintre cele mai mari ro\u021bi din Rom\u00e2nia, iluminat\u0103 cu peste un milion de leduri. C\u00e2nd am v\u0103zut-o ridic\u00e2ndu-se pe litoral, am sim\u021bit c\u0103 transform un vis \u00eentr-o realitate vizibil\u0103 de oriunde.<\/p><p class=\"\" data-start=\"650\" data-end=\"884\">Pentru mine, nu a fost doar despre \u00een\u0103l\u021bime sau design, ci despre magia momentului. Mi-am dorit s\u0103 ofer participan\u021bilor o experien\u021b\u0103 complet\u0103: panoram\u0103, adrenalin\u0103, vibra\u021bie \u0219i lumin\u0103 \u2013 o celebrare a verii, a libert\u0103\u021bii \u0219i a bucuriei.<\/p>\t\t\t\t\t\t\t\t<\/div>\n\t\t\t\t<\/div>\n\t\t\t\t<\/div>\n\t\t\t\t\t<\/div>\n\t\t\t\t<\/div>\n\t\t<div class=\"elementor-element elementor-element-0215cfb e-flex e-con-boxed e-con e-parent\" data-id=\"0215cfb\" data-element_type=\"container\">\n\t\t\t\t\t<div class=\"e-con-inner\">\n\t\t\t\t<div class=\"elementor-element elementor-element-667279e elementor-widget elementor-widget-heading\" data-id=\"667279e\" data-element_type=\"widget\" data-widget_type=\"heading.default\">\n\t\t\t\t<div class=\"elementor-widget-container\">\n\t\t\t\t\t<h2 class=\"elementor-heading-title elementor-size-default\">Imagini din inima celei mai <br>spectaculoase atrac\u021bii de la Beach, Please!\n<\/h2>\t\t\t\t<\/div>\n\t\t\t\t<\/div>\n\t\t\t\t<div class=\"elementor-element elementor-element-d08d796 elementor-widget__width-initial elementor-widget elementor-widget-text-editor\" data-id=\"d08d796\" data-element_type=\"widget\" data-widget_type=\"text-editor.default\">\n\t\t\t\t<div class=\"elementor-widget-container\">\n\t\t\t\t\t\t\t\t\t<p data-start=\"307\" data-end=\"716\">Fiecare fotografie surprinde atmosfera electrizant\u0103 din jurul celei mai mari ro\u021bi panoramice din Rom\u00e2nia \u2013 adus\u0103 de Lucia Pr\u0103ji\u0219teanu direct \u00een mijlocul festivalului. Peste un milion de lumini au transformat atrac\u021bia \u00eentr-un reper vizual pe timp de noapte, iar priveli\u0219tea de sus a oferit un moment de respiro \u0219i uimire \u00een mijlocul energiei de festival. O experien\u021b\u0103 de neuitat, ilustrat\u0103 \u00een imagini vibrante.<\/p>\t\t\t\t\t\t\t\t<\/div>\n\t\t\t\t<\/div>\n\t\t\t\t<div class=\"elementor-element elementor-element-6d9b2fb elementor-widget elementor-widget-gallery\" data-id=\"6d9b2fb\" data-element_type=\"widget\" data-settings=\"{&quot;lazyload&quot;:&quot;yes&quot;,&quot;gallery_layout&quot;:&quot;grid&quot;,&quot;columns&quot;:4,&quot;columns_tablet&quot;:2,&quot;columns_mobile&quot;:1,&quot;gap&quot;:{&quot;unit&quot;:&quot;px&quot;,&quot;size&quot;:10,&quot;sizes&quot;:[]},&quot;gap_tablet&quot;:{&quot;unit&quot;:&quot;px&quot;,&quot;size&quot;:10,&quot;sizes&quot;:[]},&quot;gap_mobile&quot;:{&quot;unit&quot;:&quot;px&quot;,&quot;size&quot;:10,&quot;sizes&quot;:[]},&quot;aspect_ratio&quot;:&quot;3:2&quot;,&quot;content_hover_animation&quot;:&quot;fade-in&quot;}\" data-widget_type=\"gallery.default\">\n\t\t\t\t<div class=\"elementor-widget-container\">\n\t\t\t\t\t\t\t<div class=\"elementor-gallery__container\">\n\t\t\t\t\t\t\t<div class=\"e-gallery-item elementor-gallery-item elementor-animated-content\">\n\t\t\t\t\t<div class=\"e-gallery-image elementor-gallery-item__image\" data-thumbnail=\"https:\/\/luciaprajisteanu.ro\/wp-content\/uploads\/2025\/03\/bp3-768x576.png\" data-width=\"768\" data-height=\"576\" aria-label=\"\" role=\"img\" ><\/div>\n\t\t\t\t\t\t\t\t\t\t\t\t\t\t<\/div>\n\t\t\t\t\t\t\t<div class=\"e-gallery-item elementor-gallery-item elementor-animated-content\">\n\t\t\t\t\t<div class=\"e-gallery-image elementor-gallery-item__image\" data-thumbnail=\"https:\/\/luciaprajisteanu.ro\/wp-content\/uploads\/2025\/03\/bp4-768x576.png\" data-width=\"768\" data-height=\"576\" aria-label=\"\" role=\"img\" ><\/div>\n\t\t\t\t\t\t\t\t\t\t\t\t\t\t<\/div>\n\t\t\t\t\t\t\t<div class=\"e-gallery-item elementor-gallery-item elementor-animated-content\">\n\t\t\t\t\t<div class=\"e-gallery-image elementor-gallery-item__image\" data-thumbnail=\"https:\/\/luciaprajisteanu.ro\/wp-content\/uploads\/2025\/03\/bp2-768x576.png\" data-width=\"768\" data-height=\"576\" aria-label=\"\" role=\"img\" ><\/div>\n\t\t\t\t\t\t\t\t\t\t\t\t\t\t<\/div>\n\t\t\t\t\t\t\t<div class=\"e-gallery-item elementor-gallery-item elementor-animated-content\">\n\t\t\t\t\t<div class=\"e-gallery-image elementor-gallery-item__image\" data-thumbnail=\"https:\/\/luciaprajisteanu.ro\/wp-content\/uploads\/2025\/03\/bp1-768x576.png\" data-width=\"768\" data-height=\"576\" aria-label=\"\" role=\"img\" ><\/div>\n\t\t\t\t\t\t\t\t\t\t\t\t\t\t<\/div>\n\t\t\t\t\t<\/div>\n\t\t\t\t\t<\/div>\n\t\t\t\t<\/div>\n\t\t\t\t\t<\/div>\n\t\t\t\t<\/div>\n\t\t\t\t<\/div>\n\t\t","protected":false},"excerpt":{"rendered":"<p>Cea Mai Mare Roat\u0103 Panoramic\u0103 Din Rom\u00e2nia, Atrac\u021bia-Simbol De La Beach, Please Un milion de lumini. Mii de priviri. Un moment de neuitat. Am adus roata panoramic\u0103 la Beach, Please! din dorin\u021ba de a crea nu doar o atrac\u021bie spectaculoas\u0103, ci un simbol vizual care s\u0103 adune oameni, emo\u021bii \u0219i uimire. Este una dintre cele [&hellip;]<\/p>\n","protected":false},"author":1,"featured_media":0,"parent":0,"menu_order":0,"comment_status":"closed","ping_status":"closed","template":"","meta":{"footnotes":""},"class_list":["post-1835","page","type-page","status-publish","hentry"],"blocksy_meta":{"has_hero_section":"disabled","vertical_spacing_source":"custom","content_area_spacing":"none","styles_descriptor":{"styles":{"desktop":"","tablet":"","mobile":""},"google_fonts":[],"version":6}},"_links":{"self":[{"href":"https:\/\/luciaprajisteanu.ro\/index.php?rest_route=\/wp\/v2\/pages\/1835","targetHints":{"allow":["GET"]}}],"collection":[{"href":"https:\/\/luciaprajisteanu.ro\/index.php?rest_route=\/wp\/v2\/pages"}],"about":[{"href":"https:\/\/luciaprajisteanu.ro\/index.php?rest_route=\/wp\/v2\/types\/page"}],"author":[{"embeddable":true,"href":"https:\/\/luciaprajisteanu.ro\/index.php?rest_route=\/wp\/v2\/users\/1"}],"replies":[{"embeddable":true,"href":"https:\/\/luciaprajisteanu.ro\/index.php?rest_route=%2Fwp%2Fv2%2Fcomments&post=1835"}],"version-history":[{"count":13,"href":"https:\/\/luciaprajisteanu.ro\/index.php?rest_route=\/wp\/v2\/pages\/1835\/revisions"}],"predecessor-version":[{"id":3276,"href":"https:\/\/luciaprajisteanu.ro\/index.php?rest_route=\/wp\/v2\/pages\/1835\/revisions\/3276"}],"wp:attachment":[{"href":"https:\/\/luciaprajisteanu.ro\/index.php?rest_route=%2Fwp%2Fv2%2Fmedia&parent=1835"}],"curies":[{"name":"wp","href":"https:\/\/api.w.org\/{rel}","templated":true}]}}